e
Is 14286206 a multiple of 76?
False
Does 8 divide 735463?
False
Is 4056206 a multiple of 22?
True
Does 29 divide 59218?
True
Is 110 a factor of 88220?
True
Does 140 divide 23100?
True
Is 403302 a multiple of 589?
False
Is 332 a factor of 1559940?
False
Is 83 a factor of 503395?
True
Is 252 a factor of 141876?
True
Is 11 a factor of 6545304?
False
Is 422805 a multiple of 213?
True
Does 3 divide 41411?
False
Is 305748 a multiple of 11?
False
Is 31 a factor of 3731717?
False
Is 10819355 a multiple of 37?
True
Does 169 divide 2416315?
False
Is 1266 a factor of 8507520?
True
Is 165 a factor of 1161600?
True
Does 924 divide 6091932?
True
Is 11 a factor of 110313?
False
Does 12 divide 222708?
True
Does 70 divide 4074140?
True
Does 3 divide 822082?
False
Is 546275 a multiple of 64?
False
Does 122 divide 5127904?
True
Is 53248 a multiple of 6?
False
Does 17 divide 15882?
False
Is 12 a factor of 105180?
True
Does 4 divide 558564?
True
Does 3 divide 42724?
False
Does 88 divide 268576?
True
Is 317834 a multiple of 6?
False
Is 104 a factor of 11024?
True
Is 104052 a multiple of 1131?
True
Does 82 divide 692654?
True
Is 538 a factor of 81776?
True
Is 37113 a multiple of 379?
False
Does 64 divide 1028800?
True
Is 165 a factor of 60720?
True
Is 667456 a multiple of 9?
False
Is 362575 a multiple of 18?
False
Is 12868 a multiple of 37?
False
Does 32 divide 2179616?
True
Does 195 divide 908115?
True
Is 14 a factor of 3835636?
True
Is 1167972 a multiple of 156?
True
Does 13 divide 133887?
True
Is 19605 a multiple of 15?
True
Does 134 divide 28810?
True
Does 9 divide 6813871?
False
Is 4767016 a multiple of 8?
True
Does 23 divide 1758328?
False
Is 54 a factor of 177768?
True
Does 13 divide 78117?
True
Is 20 a factor of 1968980?
True
Does 357 divide 5470668?
True
Is 71 a factor of 165121?
False
Is 96136 a multiple of 8?
True
Does 250 divide 269872?
False
Is 397581 a multiple of 35?
False
Does 108 divide 1058832?
True
Is 5049680 a multiple of 1225?
False
Does 1357 divide 11254820?
False
Is 473899 a multiple of 135?
False
Does 60 divide 27636?
False
Does 3 divide 190997?
False
Does 7 divide 47211?
False
Is 161 a factor of 950866?
True
Is 3449250 a multiple of 42?
True
Is 970 a factor of 7663626?
False
Is 4 a factor of 31959?
False
Is 69 a factor of 59003?
False
Does 4 divide 404628?
True
Is 53 a factor of 938115?
False
Does 8 divide 137053?
False
Does 141 divide 1326844?
False
Does 12 divide 1021200?
True
Is 2668604 a multiple of 533?
False
Is 605819 a multiple of 9?
False
Is 95663 a multiple of 92?
False
Does 392 divide 1652046?
False
Is 729 a factor of 704247?
False
Is 60 a factor of 5633400?
True
Is 51 a factor of 2718468?
False
Is 5 a factor of 3701?
False
Does 907 divide 290240?
True
Is 25 a factor of 199350?
True
Is 41419 a multiple of 11?
False
Is 117 a factor of 103160?
False
Is 280585 a multiple of 77?
False
Is 51 a factor of 515818?
False
Does 58 divide 22875142?
True
Does 673 divide 2950356?
False
Does 675 divide 779588?
False
Is 265272 a multiple of 84?
True
Is 476952 a multiple of 119?
True
Does 49 divide 10054067?
False
Does 170 divide 1288957?
False
Is 80 a factor of 8213360?
True
Does 88 divide 99476?
False
Is 22 a factor of 232818?
False
Is 52 a factor of 8424208?
True
Is 2242238 a multiple of 61?
True
Does 34 divide 5167673?
False
Does 300 divide 1785600?
True
Is 42 a factor of 3957324?
True
Is 298692 a multiple of 29?
False
Is 2450754 a multiple of 896?
False
Does 111 divide 242908?
False
Is 112 a factor of 150907?
False
Is 3 a factor of 2278410?
True
Is 41562 a multiple of 40?
False
Is 11 a factor of 68717?
True
Is 139719 a multiple of 6?
False
Is 108 a factor of 2619324?
True
Does 39 divide 163956?
True
Is 12019 a multiple of 4?
False
Is 13367 a multiple of 19?
False
Does 308 divide 177716?
True
Is 11841139 a multiple of 1797?
False
Does 66 divide 600138?
True
Does 5 divide 180653?
False
Is 47 a factor of 1406099?
True
Is 6728842 a multiple of 32?
False
Does 31 divide 4774811?
False
Does 56 divide 2088329?
False
Is 14 a factor of 146598?
False
Is 517 a factor of 177848?
True
Is 190498 a multiple of 8?
False
Does 6 divide 208775?
False
Is 184 a factor of 1694266?
False
Is 162209 a multiple of 13?
False
Does 11 divide 636414?
False
Does 5 divide 8620049?
False
Is 33624 a multiple of 3?
True
Does 14 divide 4340280?
True
Is 567379 a multiple of 733?
False
Is 29 a factor of 26691377?
False
Does 859 divide 8964524?
True
Is 336967 a multiple of 15?
False
Is 283682 a multiple of 2?
True
Does 72 divide 495936?
True
Is 5990 even?
True
Does 93 divide 188159?
False
Is 96446 a multiple of 83?
True
Is 3 a factor of 3818330?
False
Does 124 divide 21515?
False
Is 16 a factor of 260763?
False
Does 77 divide 2418003?
False
Does 19 divide 203699?
True
Is 799 a factor of 4080493?
True
Is 40 a factor of 14439920?
True
Is 33 a factor of 1065273?
True
Does 186 divide 29574?
True
Is 2 a factor of 66268?
True
Is 61 a factor of 138801?
False
Does 16 divide 7292544?
True
Is 2651592 a multiple of 67?
True
Is 268920 a multiple of 27?
True
Is 1455 a factor of 13532955?
True
Does 13 divide 29528?
False
Is 18 a factor of 665351?
False
Does 8 divide 216272?
True
Does 27 divide 180784?
False
Is 482544 a multiple of 7?
False
Is 201 a factor of 87435?
True
Does 8 divide 7788680?
True
Is 711 a factor of 2275200?
True
Is 111643 even?
False
Does 24 divide 1331784?
True
Does 140 divide 742420?
True
Is 563 a factor of 414501?
False
Is 30 a factor of 237643?
False
Is 35 a factor of 235544?
False
Is 24 a factor of 101398?
False
Is 154 a factor of 159544?
True
Does 7 divide 208403?
False
Does 920 divide 4844720?
True
Does 11 divide 11495?
True
Does 126 divide 3338261?
False
Is 36 a factor of 940463?
False
Is 3 a factor of 141132?
True
Is 12 a factor of 12388627?
False
Does 92 divide 920?
True
Does 21 divide 366496?
False
Is 99081 a multiple of 303?
True
Does 4 divide 977220?
True
Is 612741 a multiple of 12?
False
Is 56400 a multiple of 470?
True
Is 20590758 a multiple of 18?
True
Does 30 divide 25735?
False
Does 1789 divide 23088834?
True
Is 474 a factor of 348864?
True
Is 366 a factor of 502518?
True
Does 184 divide 2631936?
True
Is 5 a factor of 1313771?
False
Is 5893257 a multiple of 20?
False
Is 13 a factor of 496847?
True
Does 87 divide 8762664?
False
Is 4 a factor of 542303?
False
Does 23 divide 206646?
False
Is 557561 a multiple of 22?
False
Is 281180 a multiple of 6?
False
Does 102 divide 2186778?
True
Does 89 divide 4903125?
False
Is 28 a factor of 18872?
True
Is 10626320 a multiple of 20?
True
Does 515 divide 421785?
True
Is 666 a factor of 3083582?
False
Is 26 a factor of 105027?
False
Is 4871795 a multiple of 9?
False
Does 176 divide 398288?
True
Does 782 divide 799877?
False
Does 332 divide 829013?
False
Is 182393 a multiple of 186?
False
Is 48 a factor of 228384?
True
Does 29 divide 4151431?
False
Is 5 a factor of 2076840?
True
Is 652557 a multiple of 266?
False
Does 139 divide 19676?
False
Is 231408 even?
True
Is 335179 a multiple of 28?
False
Does 1143 divide 3777615?
True
Does 83 divide 207198?
False
Is 40964 a multiple of 209?
True
Is 29292 a multiple of 60?
False
Is 98400 a multiple of 160?
True
Is 9212301 a multiple of 93?
True
Is 2122264 a multiple of 9?
False
Is 144 a factor of 278013?
False
Is 40 a factor of 1162800?
True
Does 99 divide 696168?
True
Does 33 divide 70561?
False
Does 127 divide 4162346?
False
Does 9 divide 561393?
True
Does 13 divide 1227565?
False
Is 3 a factor of 206967?
True
Does 13 divide 132245?
False
Is 680866 a multiple of 45?
False
Is 85 a factor of 431650?
False
Is 1065650 a multiple of 10?
True
Is 16944 a multiple of 181?
False
Is 371450 a multiple of 85?
True
Does 202 divide 33532?
True
Is 383962 a multiple of 391?
True
Does 16 divide 725787?
False
Is 4286440 a multiple of 535?
False
Is 677 a factor of 1298486?
True
Does 173 divide 223761?
False
Does 13 divide 203418?
False
Is 183942 a multiple of 3?
True
Is 782 a factor of 3996020?
True
Is 50 a factor of 16727?
False
Is 1543906 a multiple of 234?
False
Is 51642 a multiple of 53?
False
Does 72 divide 26311715?
False
Does 36 divide 32724?
True
Is 58164 a multiple of 49?
False
Does 382 divide 329666?
True
Is 116 a factor of 121104?
True
Is 734769 a multiple of 421?
False
Is 20 a factor o